{"id":27806,"date":"2023-03-02T07:10:49","date_gmt":"2023-03-02T12:10:49","guid":{"rendered":"https:\/\/artbridges.ca\/opportunites-de-formation-et-de-developpement-professionnel-dans-le-domaine-des-arts-engages-par-la-communaute\/"},"modified":"2023-07-01T06:43:18","modified_gmt":"2023-07-01T10:43:18","slug":"opportunites-de-formation-et-de-developpement-professionnel-dans-le-domaine-des-arts-engages-par-la-communaute","status":"publish","type":"page","link":"https:\/\/artbridges.ca\/fr\/opportunites-de-formation-et-de-developpement-professionnel-dans-le-domaine-des-arts-engages-par-la-communaute\/","title":{"rendered":"Opportunit\u00e9s de formation et de d\u00e9veloppement professionnel dans le domaine des arts engag\u00e9s par la communaut\u00e9"},"content":{"rendered":"<div class=\"wpb-content-wrapper\"><p>[vc_row bg_type=\u00a0\u00bbimage\u00a0\u00bb parallax_style=\u00a0\u00bbvcpb-default\u00a0\u00bb bg_image_new=\u00a0\u00bbid^3718|url^https:\/\/artbridges.ca\/wp-content\/uploads\/2023\/04\/New-Banner-02.jpg|caption^null|alt^null|title^New-Banner-02|description^null\u00a0\u00bb bg_image_repeat=\u00a0\u00bbno-repeat\u00a0\u00bb el_class=\u00a0\u00bbpad-sides\u00a0\u00bb][vc_column]<div class=\"ult-spacer spacer-69ef2278a7bbe\" data-id=\"69ef2278a7bbe\" data-height=\"110\" data-height-mobile=\"50\" data-height-tab=\"\" data-height-tab-portrait=\"\" data-height-mobile-landscape=\"\" style=\"clear:both;display:block;\"><\/div><div id=\"ultimate-heading-47569ef2278a7c18\" class=\"uvc-heading ult-adjust-bottom-margin ultimate-heading-47569ef2278a7c18 uvc-2008 \" data-hspacer=\"no_spacer\"  data-halign=\"left\" style=\"text-align:left\"><div class=\"uvc-heading-spacer no_spacer\" style=\"top\"><\/div><div class=\"uvc-sub-heading ult-responsive\"  data-ultimate-target='.uvc-heading.ultimate-heading-47569ef2278a7c18 .uvc-sub-heading '  data-responsive-json-new='{\"font-size\":\"desktop:18px;\",\"line-height\":\"desktop:18px;\"}'  style=\"font-family:&#039;Montserrat&#039;;font-weight:700;\"><\/p>\n<p class=\"sd-text-bg-white\">OPPORTUNIT\u00c9S DE FORMATION ET DE D\u00c9VELOPPEMENT PROFESSIONNEL DANS LE DOMAINE DES ARTS ENGAG\u00c9S PAR LA COMMUNAUT\u00c9<\/p>\n<p><\/div><\/div><div class=\"ult-spacer spacer-69ef2278a7c4a\" data-id=\"69ef2278a7c4a\" data-height=\"110\" data-height-mobile=\"50\" data-height-tab=\"\" data-height-tab-portrait=\"\" data-height-mobile-landscape=\"\" style=\"clear:both;display:block;\"><\/div>[\/vc_column][\/vc_row][vc_row el_class=\u00a0\u00bbpad-sides about-h3&Prime; css=\u00a0\u00bb.vc_custom_1676553592142{padding-top: 50px !important;}\u00a0\u00bb][vc_column]<div id=\"ultimate-heading-647469ef2278a7c6f\" class=\"uvc-heading ult-adjust-bottom-margin ultimate-heading-647469ef2278a7c6f uvc-5169 pad-sides about-h3\" data-hspacer=\"no_spacer\"  data-halign=\"center\" style=\"text-align:center\"><div class=\"uvc-heading-spacer no_spacer\" style=\"top\"><\/div><div class=\"uvc-main-heading ult-responsive\"  data-ultimate-target='.uvc-heading.ultimate-heading-647469ef2278a7c6f h3'  data-responsive-json-new='{\"font-size\":\"desktop:30px;\",\"line-height\":\"\"}' ><h3 style=\"font-weight:normal;color:#000000;\">D\u00e9veloppement \u00e9ducatif et professionnel<br \/>\nOpportunit\u00e9s dans le domaine des arts engag\u00e9s par la communaut\u00e9<\/h3><\/div><\/div><div class=\"ult-spacer spacer-69ef2278a7d0e\" data-id=\"69ef2278a7d0e\" data-height=\"30\" data-height-mobile=\"30\" data-height-tab=\"30\" data-height-tab-portrait=\"\" data-height-mobile-landscape=\"\" style=\"clear:both;display:block;\"><\/div>[\/vc_column][\/vc_row][vc_row el_class=\u00a0\u00bbpad-sides\u00a0\u00bb css=\u00a0\u00bb.vc_custom_1681388877360{padding-bottom: 50px !important;}\u00a0\u00bb][vc_column][vc_column_text]Jetez un coup d&rsquo;\u0153il aux prochaines opportunit\u00e9s de formation et de d\u00e9veloppement professionnel pour les artistes communautaires \u00e0 travers le Canada. La section des opportunit\u00e9s \u00e0 court terme comprend des ateliers, des conf\u00e9rences, des expos\u00e9s d&rsquo;artistes et bien plus encore. La section des opportunit\u00e9s \u00e0 long terme comprend des cours, des programmes de formation continue, des \u00e9tudes universitaires et des programmes de certificats. Si vous souhaitez publier une opportunit\u00e9 d&rsquo;apprentissage, veuillez <a href=\"https:\/\/artbridges.ca\/contact\/\">contacter<\/a> ArtBridges.[\/vc_column_text][\/vc_column][\/vc_row][vc_row el_class=\u00a0\u00bbpad-sides cstm-gallery leraning-page\u00a0\u00bb css=\u00a0\u00bb.vc_custom_1681561717669{padding-bottom: 100px !important;}\u00a0\u00bb][vc_column][vc_column_text]\n\t\t\t\t<form action=\"\" method=\"post\" class=\"searchandfilter\">\n\t\t\t\t\t<div><ul><li><input type=\"text\" name=\"ofsearch\" placeholder=\"Search &hellip;\" value=\"\"><\/li><li><select  name='ofcategory' id='ofcategory' class='postform'>\n\t<option value='0' selected='selected'>Toutes<\/option>\n\t<option class=\"level-0\" value=\"3176\">Opportunities<\/option>\n<\/select>\n<input type=\"hidden\" name=\"ofcategory_operator\" value=\"and\" \/><\/li><li><select  name='ofpost_tag' id='ofpost_tag' class='postform'>\n\t<option value='0' selected='selected'>Toutes les \u00e9tiquettes<\/option>\n\t<option class=\"level-0\" value=\"3190\">Appel \u00e0 soumissions<\/option>\n\t<option class=\"level-0\" value=\"3192\">festival du film latin et des arts m\u00e9diatiques alucine<\/option>\n\t<option class=\"level-0\" value=\"3196\">Jeunesse<\/option>\n\t<option class=\"level-0\" value=\"3197\">pour changer<\/option>\n\t<option class=\"level-0\" value=\"3191\">Symposium<\/option>\n\t<option class=\"level-0\" value=\"3193\">Symposium latino-am\u00e9ricain sur les arts m\u00e9diatiques<\/option>\n\t<option class=\"level-0\" value=\"3189\">Toronto<\/option>\n<\/select>\n<input type=\"hidden\" name=\"ofpost_tag_operator\" value=\"and\" \/><\/li><li><input type=\"hidden\" id=\"_searchandfilter_nonce\" name=\"_searchandfilter_nonce\" value=\"9cfa55dfff\" \/><input type=\"hidden\" name=\"_wp_http_referer\" value=\"\/fr\/wp-json\/wp\/v2\/pages\/27806\" \/><input type=\"hidden\" name=\"ofsubmitted\" value=\"1\"><input type=\"submit\" value=\"Submit\"><\/li><\/ul><\/div><\/form>[\/vc_column_text][vc_tta_tabs alignment=\u00a0\u00bbcenter\u00a0\u00bb active_section=\u00a0\u00bb1&Prime;][vc_tta_section title=\u00a0\u00bbCourt terme\u00a0\u00bb tab_id=\u00a0\u00bb1681388769385-0534f3dc-fca5&Prime;][\/vc_tta_section][vc_tta_section title=\u00a0\u00bbLong terme\u00a0\u00bb tab_id=\u00a0\u00bb1681388769409-c15ae880-65eb\u00a0\u00bb]<div class=\"ult-spacer spacer-69ef2278ab5ae\" data-id=\"69ef2278ab5ae\" data-height=\"50\" data-height-mobile=\"50\" data-height-tab=\"50\" data-height-tab-portrait=\"\" data-height-mobile-landscape=\"\" style=\"clear:both;display:block;\"><\/div>\t\t\n\t\t<div class=\"row\">\n\t\t\t<div class=\"sd-latest-blog-short\">\n\t\t\t\t\t<div class=\"sd-latest-blog-carousel\">\n\t\t\t\t\t\t\t\t\t\t<\/div>\n\t\t\t\t\t<!-- sd-latest-blog-carousel -->\n\t\t\t<\/div>\n\t\t\t<!-- sd-latest-blog-short -->\n\t\t<\/div>\n\t\t<!-- row -->\n\t\t[\/vc_tta_section][\/vc_tta_tabs][\/vc_column][\/vc_row]<\/p>\n<\/div>","protected":false},"excerpt":{"rendered":"<p>[vc_row bg_type=\u00a0\u00bbimage\u00a0\u00bb parallax_style=\u00a0\u00bbvcpb-default\u00a0\u00bb bg_image_new=\u00a0\u00bbid^3718|url^https:\/\/artbridges.ca\/wp-content\/uploads\/2023\/04\/New-Banner-02.jpg|caption^null|alt^null|title^New-Banner-02|description^null\u00a0\u00bb bg_image_repeat=\u00a0\u00bbno-repeat\u00a0\u00bb el_class=\u00a0\u00bbpad-sides\u00a0\u00bb][vc_column][\/vc_column][\/vc_row][vc_row el_class=\u00a0\u00bbpad-sides about-h3&Prime; css=\u00a0\u00bb.vc_custom_1676553592142{padding-top: 50px !important;}\u00a0\u00bb][vc_column][\/vc_column][\/vc_row][vc_row el_class=\u00a0\u00bbpad-sides\u00a0\u00bb css=\u00a0\u00bb.vc_custom_1681388877360{padding-bottom: 50px !important;}\u00a0\u00bb][vc_column][vc_column_text]Jetez un coup d&rsquo;\u0153il aux prochaines opportunit\u00e9s de formation et de d\u00e9veloppement professionnel pour les artistes communautaires \u00e0 travers le Canada. La section des opportunit\u00e9s \u00e0 court terme comprend des ateliers, des conf\u00e9rences, des expos\u00e9s d&rsquo;artistes<\/p>\n<p><a class=\"sd-more sd-all-trans\" href=\"https:\/\/artbridges.ca\/fr\/opportunites-de-formation-et-de-developpement-professionnel-dans-le-domaine-des-arts-engages-par-la-communaute\/#more-27806\">Read More<\/a><\/p>\n","protected":false},"author":1,"featured_media":0,"parent":0,"menu_order":0,"comment_status":"closed","ping_status":"closed","template":"full-width-page.php","meta":{"footnotes":""},"class_list":["post-27806","page","type-page","status-publish","hentry"],"_links":{"self":[{"href":"https:\/\/artbridges.ca\/fr\/wp-json\/wp\/v2\/pages\/27806","targetHints":{"allow":["GET"]}}],"collection":[{"href":"https:\/\/artbridges.ca\/fr\/wp-json\/wp\/v2\/pages"}],"about":[{"href":"https:\/\/artbridges.ca\/fr\/wp-json\/wp\/v2\/types\/page"}],"author":[{"embeddable":true,"href":"https:\/\/artbridges.ca\/fr\/wp-json\/wp\/v2\/users\/1"}],"replies":[{"embeddable":true,"href":"https:\/\/artbridges.ca\/fr\/wp-json\/wp\/v2\/comments?post=27806"}],"version-history":[{"count":2,"href":"https:\/\/artbridges.ca\/fr\/wp-json\/wp\/v2\/pages\/27806\/revisions"}],"predecessor-version":[{"id":27808,"href":"https:\/\/artbridges.ca\/fr\/wp-json\/wp\/v2\/pages\/27806\/revisions\/27808"}],"wp:attachment":[{"href":"https:\/\/artbridges.ca\/fr\/wp-json\/wp\/v2\/media?parent=27806"}],"curies":[{"name":"wp","href":"https:\/\/api.w.org\/{rel}","templated":true}]}}

Opportunités de formation et de développement professionnel dans le domaine des arts engagés par la communauté

<div class="wpb-content-wrapper"><p>[vc_row bg_type= »image » parallax_style= »vcpb-default » bg_image_new= »id^3718|url^https://artbridges.ca/wp-content/uploads/2023/04/New-Banner-02.jpg|caption^null|alt^null|title^New-Banner-02|description^null » bg_image_repeat= »no-repeat » el_class= »pad-sides »][vc_column]<div class="ult-spacer spacer-69ef2278a7bbe" data-id="69ef2278a7bbe" data-height="110" data-height-mobile="50" data-height-tab="" data-height-tab-portrait="" data-height-mobile-landscape="" style="clear:both;display:block;"></div><div id="ultimate-heading-47569ef2278a7c18" class="uvc-heading ult-adjust-bottom-margin ultimate-heading-47569ef2278a7c18 uvc-2008 " data-hspacer="no_spacer"  data-halign="left" style="text-align:left"><div class="uvc-heading-spacer no_spacer" style="top"></div><div class="uvc-sub-heading ult-responsive"  data-ultimate-target='.uvc-heading.ultimate-heading-47569ef2278a7c18 .uvc-sub-heading '  data-responsive-json-new='{"font-size":"desktop:18px;","line-height":"desktop:18px;"}'  style="font-family:&#039;Montserrat&#039;;font-weight:700;"></p>
<p class="sd-text-bg-white">OPPORTUNITÉS DE FORMATION ET DE DÉVELOPPEMENT PROFESSIONNEL DANS LE DOMAINE DES ARTS ENGAGÉS PAR LA COMMUNAUTÉ</p>
<p></div></div><div class="ult-spacer spacer-69ef2278a7c4a" data-id="69ef2278a7c4a" data-height="110" data-height-mobile="50" data-height-tab="" data-height-tab-portrait="" data-height-mobile-landscape="" style="clear:both;display:block;"></div>[/vc_column][/vc_row][vc_row el_class= »pad-sides about-h3&Prime; css= ».vc_custom_1676553592142{padding-top: 50px !important;} »][vc_column]<div id="ultimate-heading-647469ef2278a7c6f" class="uvc-heading ult-adjust-bottom-margin ultimate-heading-647469ef2278a7c6f uvc-5169 pad-sides about-h3" data-hspacer="no_spacer"  data-halign="center" style="text-align:center"><div class="uvc-heading-spacer no_spacer" style="top"></div><div class="uvc-main-heading ult-responsive"  data-ultimate-target='.uvc-heading.ultimate-heading-647469ef2278a7c6f h3'  data-responsive-json-new='{"font-size":"desktop:30px;","line-height":""}' ><h3 style="font-weight:normal;color:#000000;">Développement éducatif et professionnel<br />
Opportunités dans le domaine des arts engagés par la communauté</h3></div></div><div class="ult-spacer spacer-69ef2278a7d0e" data-id="69ef2278a7d0e" data-height="30" data-height-mobile="30" data-height-tab="30" data-height-tab-portrait="" data-height-mobile-landscape="" style="clear:both;display:block;"></div>[/vc_column][/vc_row][vc_row el_class= »pad-sides » css= ».vc_custom_1681388877360{padding-bottom: 50px !important;} »][vc_column][vc_column_text]Jetez un coup d&rsquo;œil aux prochaines opportunités de formation et de développement professionnel pour les artistes communautaires à travers le Canada. La section des opportunités à court terme comprend des ateliers, des conférences, des exposés d&rsquo;artistes et bien plus encore. La section des opportunités à long terme comprend des cours, des programmes de formation continue, des études universitaires et des programmes de certificats. Si vous souhaitez publier une opportunité d&rsquo;apprentissage, veuillez <a href="https://artbridges.ca/contact/">contacter</a> ArtBridges.[/vc_column_text][/vc_column][/vc_row][vc_row el_class= »pad-sides cstm-gallery leraning-page » css= ».vc_custom_1681561717669{padding-bottom: 100px !important;} »][vc_column][vc_column_text]
				<form action="" method="post" class="searchandfilter">
					<div><ul><li><input type="text" name="ofsearch" placeholder="Search &hellip;" value=""></li><li><select  name='ofcategory' id='ofcategory' class='postform'>
	<option value='0' selected='selected'>Toutes</option>
	<option class="level-0" value="3176">Opportunities</option>
</select>
<input type="hidden" name="ofcategory_operator" value="and" /></li><li><select  name='ofpost_tag' id='ofpost_tag' class='postform'>
	<option value='0' selected='selected'>Toutes les étiquettes</option>
	<option class="level-0" value="3190">Appel à soumissions</option>
	<option class="level-0" value="3192">festival du film latin et des arts médiatiques alucine</option>
	<option class="level-0" value="3196">Jeunesse</option>
	<option class="level-0" value="3197">pour changer</option>
	<option class="level-0" value="3191">Symposium</option>
	<option class="level-0" value="3193">Symposium latino-américain sur les arts médiatiques</option>
	<option class="level-0" value="3189">Toronto</option>
</select>
<input type="hidden" name="ofpost_tag_operator" value="and" /></li><li><input type="hidden" id="_searchandfilter_nonce" name="_searchandfilter_nonce" value="9cfa55dfff" /><input type="hidden" name="_wp_http_referer" value="/fr/wp-json/wp/v2/pages/27806" /><input type="hidden" name="ofsubmitted" value="1"><input type="submit" value="Submit"></li></ul></div></form>[/vc_column_text][vc_tta_tabs alignment= »center » active_section= »1&Prime;][vc_tta_section title= »Court terme » tab_id= »1681388769385-0534f3dc-fca5&Prime;][/vc_tta_section][vc_tta_section title= »Long terme » tab_id= »1681388769409-c15ae880-65eb »]<div class="ult-spacer spacer-69ef2278ab5ae" data-id="69ef2278ab5ae" data-height="50" data-height-mobile="50" data-height-tab="50" data-height-tab-portrait="" data-height-mobile-landscape="" style="clear:both;display:block;"></div>		
		<div class="row">
			<div class="sd-latest-blog-short">
					<div class="sd-latest-blog-carousel">
										</div>
					<!-- sd-latest-blog-carousel -->
			</div>
			<!-- sd-latest-blog-short -->
		</div>
		<!-- row -->
		[/vc_tta_section][/vc_tta_tabs][/vc_column][/vc_row]</p>
</div>

<p>[vc_row bg_type= »image » parallax_style= »vcpb-default » bg_image_new= »id^3718|url^https://artbridges.ca/wp-content/uploads/2023/04/New-Banner-02.jpg|caption^null|alt^null|title^New-Banner-02|description^null » bg_image_repeat= »no-repeat » el_class= »pad-sides »][vc_column][/vc_column][/vc_row][vc_row el_class= »pad-sides about-h3&Prime; css= ».vc_custom_1676553592142{padding-top: 50px !important;} »][vc_column][/vc_column][/vc_row][vc_row el_class= »pad-sides » css= ».vc_custom_1681388877360{padding-bottom: 50px !important;} »][vc_column][vc_column_text]Jetez un coup d&rsquo;œil aux prochaines opportunités de formation et de développement professionnel pour les artistes communautaires à travers le Canada. La section des opportunités à court terme comprend des ateliers, des conférences, des exposés d&rsquo;artistes</p>
<p><a class="sd-more sd-all-trans" href="https://artbridges.ca/fr/opportunites-de-formation-et-de-developpement-professionnel-dans-le-domaine-des-arts-engages-par-la-communaute/#more-27806">Read More</a></p>
